(base 10) to base 4
-100222023000
Convert -1101000010001100 (base 2) to base 3.
-2201020100
Convert 113a41 (base 11) to base 12.
88864
What is -12727564 (base 8) in base 9?
-5343221
-27245a (base 12) to base 4
-2131330012
Convert 106616 (base 9) to base 7.
354240
Convert 1092120 (base 10) to base 15.
1688d0
What is -26079 (base 11) in base 4?
-21013222
What is 93356 (base 10) in base 2?
10110110010101100
Convert -18a69a (base 11) to base 3.
-112211222211
Convert -12212211 (base 7) to base 8.
-4133740
What is -308704 (base 9) in base 8?
-546376
Convert -118d6dc (base 14) to base 4.
-200011221102
Convert 19aba6 (base 12) to base 8.
1567456
What is -2243035 (base 8) in base 15?
-c0133
11000001010001000001 (base 2) to base 10
791617
Convert -3560 (base 15) to base 4.
-2301030
What is 21522247 (base 8) in base 4?
101222102213
What is -3ab99 (base 16) in base 9?
-405853
Convert 38f03 (base 16) to base 5.
24430334
What is -39880a (base 12) in base 14?
-1a973c
What is -110111110001111100011 (base 2) in base 12?
-741917
Convert -10110110000001111 (base 2) to base 10.
-93199
What is -113332111 (base 4) in base 10?
-98197
What is 1370067 (base 9) in base 14?
158dc4
Convert -273646 (base 9) to base 5.
-20313430
Convert -2292a (base 16) to base 8.
-424452
Convert 201201320 (base 6) to base 14.
651008
-611446 (base 9) to base 4
-1120113132
b686a (base 12) to base 11
1540a8
Convert 3031d8 (base 15) to base 2.
1000101110110000100110
1004564 (base 7) to base 3
20001122222
-64213326 (base 7) to base 5
-2343332230
31001001 (base 4) to base 3
2201010120
Convert 30343145 (base 6) to base 4.
3110022221
What is -1501673 (base 10) in base 5?
-341023143
What is -1022022120202 (base 3) in base 14?
-1414a6
3235462 (base 8) to base 7
10241024
21100200120211 (base 3) to base 7
45145462
2aac8b (base 13) to base 9
1873442
What is 6545573 (base 9) in base 10?
3514251
What is -11010010111011000001111 (base 2) in base 14?
-cbcaab
Convert -571847 (base 11) to base 13.
-25b321
What is 12c51 (base 14) in base 8?
132367
-3060153 (base 7) to base 16
-59b50
What is 1b2914 (base 15) in base 16?
1437f4
What is 15013 (base 11) in base 5?
1140220
Convert -2577461 (base 12) to base 6.
-422015001
Convert 15bce1 (base 15) to base 7.
11642422
-164b920 (base 13) to base 15
-971aa0
Convert -1881a12 (base 11) to base 12.
-10940ab
What is -44197 (base 13) in base 7?
-1022356
Convert -101111012101022 (base 3) to base 10.
-5574212
1330072 (base 8) to base 10
372794
343513 (base 6) to base 8
71245
Convert 1aa527 (base 12) to base 4.
1303301233
What is 1011011111100100001000 (base 2) in base 5?
1232402442
What is 1951056 (base 10) in base 5?
444413211
675412 (base 8) to base 16
37b0a
Convert -42221052 (base 6) to base 3.
-2022120020012
What is 6b1b2 (base 15) in base 6?
11151535
-146167 (base 11) to base 7
-1636061
What is 21141322 (base 5) in base 9?
300687
3555 (base 6) to base 2
1101011111
10ca6 (base 15) to base 8
150351
120110220021 (base 3) to base 13
a8886
-83bf9 (base 16) to base 4
-2003233321
Convert -50682c (base 14) to base 15.
-3871e7
1054256 (base 13) to base 4
102333201323
Convert 6106717 (base 8) to base 15.
21bbcc
Convert a67765 (base 11) to base 6.
100342051
Convert 68db75 (base 15) to base 16.
4c695e
2002312130 (base 4) to base 10
535964
Convert 436267 (base 8) to base 4.
203302313
What is 503f (base 16) in base 15?
6148
12076 (base 16) to base 4
102001312
-22211110011 (base 3) to base 6
-3420434
What is 1253aa (base 11) in base 14?
51d71
-4430401 (base 5) to base 4
-102302300
-100001110100011111 (base 2) to base 4
-201310133
Convert 294283 (base 12) to base 14.
140071
876210 (base 9) to base 10
522864
Convert 3387aa (base 12) to base 9.
1484764
70711655 (base 8) to base 9
31051731
-ccb9a3 (base 13) to base 14
-8d8085
What is 134213310 (base 5) in base 10?
694830
Convert 45034147 (base 8) to base 2.
100101000011100001100111
Convert -35461610 (base 7) to base 4.
-23332320200
-9b4478 (base 12) to base 16
-25c49c
What is -10430 (base 13) in base 3?
-1111011022
-22000111000210 (base 3) to base 10
-4261026
-2476ab (base 14) to base 5
-304443342
Convert -6216643 (base 7) to base 15.
-ea7e7
70692 (base 11) to base 10
103314
36043b (base 14) to base 15
266920
What is 221364 (base 7) in base 12?
1a660
Convert -519665 (base 11) to base 13.
-232009
What is -142b4 (base 13) in base 16?
-93ca
Convert 112132003 (base 5) to base 13.
148c88
Convert 545122 (base 6) to base 12.
221a2
What is -21301030 (base 4) in base 6?
-505124
Convert -51455662 (base 7) to base 9.
-8108287
What is -248baa (base 13) in base 12?
-363219
What is -159444 (base 12) in base 13?
-cba7c
What is 1111101001010011 (base 2) in base 14?
194d5
What is 1793b (base 14) in base 11?
40728
What is -3243504 (base 6) in base 8?
-473400
7121996 (base 10) to base 15
95a34b
Convert -3587808 (base 9) to base 3.
-10122221220022
-1650762 (base 12) to base 3
-22121212201002
-45332 (base 11) to base 10
-65617
Convert 490c2 (base 15) to base 10.
233057
What is -4035041 (base 6) in base 15?
-3bb97
What is -21220210110 (base 3) in base 11?
-a7108
What is -60242514 (base 7) in base 11?
-28a5689
Convert -4302314212 (base 5) to base 13.
-1b40549
Convert -553034045 (base 6) to base 16.
-97b5ed
Convert -4536680 (base 9) to base 4.
-21111010320
What is 1031b99 (base 12) in base 8?
13510145
Convert 11908 (base 12) to base 4.
11303120
-12301302230 (base 4) to base 5
-423324222
-252400 (base 11) to base 15
-7d0d8
-124221335 (base 6) to base 12
-99a84b
What is -26064 (base 14) in base 6?
-2000200
11000020100 (base 3) to base 14
20a7d
What is -10a38 (base 14) in base 7?
-225601
What is -46535 (base 12) in base 6?
-2003305
What is 2021011022000 (base 3) in base 6?
41445043
What is 20202001201200 (base 3) in base 5?
1404133231
-1333456 (base 8) to base 5
-43441244
353405 (base 7) to base 12
30a08
Convert 13852286 (base 9) to base 6.
403315123
Convert 93510 (base 16) to base 9.
1118643
Convert 11247531 (base 9) to base 15.
72e0ad
Convert -b27f5 (base 16) to base 8.
-2623765
-115463102 (base 7) to base 13
-167225c
What is -40652640 (base 7) in base 10?
-3408027
3aa7115 (base 11) to base 5
3303043212
What is -12a410 (base 15) in base 11?
-561710
-193912 (base 11) to base 2
-1001000101110111011
Convert 150194 (base 10) to base 2.
100100101010110010
What is -3003a9 (base 11) in base 14?
-c8375
4061b98 (base 12) to base 9
24638328
Convert b9b11d (base 15) to base 9.
17572541
What is -176872a (base 11) in base 5?
-1231421131
38916 (base 14) to base 9
231576
What is -386287 (base 11) in base 15?
-c04d9
What is -1111011100111110 (base 2) in base 11?
-43610
-c3c9 (base 14) to base 2
-1000001110011101
5445a26 (base 11) to base 4
210200003102
What is 5148b9a (base 12) in base 2?
111010010001110010100110
167651 (base 8) to base 15
132a3
What is -14334302 (base 5) in base 12?
-74284
-121a581 (base 11) to base 6
-113253300
Convert 87b9 (base 16) to base 3.
1202122212
What is 10010100100111101 (base 2) in base 9?
125337
What is -1002222002111 (base 3) in base 11?
-373168
Convert 1185d5 (base 14) to base 5.
123134414
Convert -147b22 (base 13) to base 11.
-313844
Convert 4794725 (base 12) to base 9.
28105212
What is 4576 (base 10) in base 12?
2794
What is 1577c1 (base 13) in base 4?
2001212001
104243102 (base 5) to base 16
70dc5
What is 345838a (base 12) in base 11?
5759808
What is 4324022 (base 6) in base 11?
136390
110110001110001010 (base 2) to base 7
1613331
What is 110012211102001 (base 3) in base 13?
1463c5c
What is -953a59 (base 14) in base 13?
-10773b2
-103064355 (base 7) to base 9
-12477776
Convert 12020010 (base 5) to base 7.
640352
-3236421 (base 8) to base 5
-210230401
15435034 (base 6) to base 10
549310
14a378 (base 11) to base 8
707635
What is b30a1 (base 12) in base 5?
24432101
What is -131012030 (base 4) in base 7?
-1004315
495348 (base 10) to base 4
1320323310
-411268 (base 9) to base 11
-157115
What is -1000111101001110111011 (base 2) in base 3?
-11102021210121
What is -28167 (base 10) in base 16?
-6e07
What is -a5e3a (base 15) in base 10?
-526330
16481227 (base 9) to base 12
2924967
-12111420 (base 6) to base 7
-3152502
b0d18 (base 15) to base 16
88acf
b0c7d (base 16) to base 15
e482d
Convert -36641 (base 11) to base 4.
-30313020
Convert -49277a (base